330*w - 1302. Calculate m(4).
2
Let j(m) = -m**2 - 54*m - 168. What is j(-36)?
480
Let d(y) = -118*y**2 - 111*y + 110. What is d(1)?
-119
Let g(z) = -27*z + 961. Give g(35).
16
Let w(c) = 2*c**3 - 109*c**2 + 153*c + 318. Determine w(53).
0
Let x(y) = -2*y**3 + 6*y**2 - 2*y - 5. What is x(8)?
-661
Let k(m) = -m**3 + 17*m**2 - 63*m + 18. Give k(5).
3
Let d(x) = x**2 + 1959*x + 21433. Determine d(-11).
5
Let l(k) = 224*k - 2537. Give l(13).
375
Let h(x) = x**2 + 164*x - 1018. What is h(6)?
2
Let t(g) = g**3 + 2*g**2 - 387*g - 1151. Give t(-3).
1
Let b(z) = z**3 + 18*z**2 - 105*z + 246. What is b(-23)?
16
Let d(m) = 2*m**2 - 541*m + 8150. What is d(16)?
6
Let a(t) = -t**2 - 89*t - 137. Determine a(-2).
37
Let v(a) = -a**3 + 99*a**2 - 1119*a + 24. Give v(13).
11
Let t(h) = h**2 - 120*h + 472. Determine t(4).
8
Let t(k) = -k**3 - 10*k**2 - 73. Determine t(-12).
215
Let o(b) = b**2 + 78*b + 531. Determine o(-9).
-90
Let h(l) = -11782*l - 82481. Give h(-7).
-7
Let d(l) = -l**3 + 5*l**2 + 43*l - 135. What is d(9)?
-72
Let d(a) = 432*a - 2237. Give d(5).
-77
Let t(j) = j**3 - 20*j**2 - 58*j - 114. Give t(23).
139
Let g(j) = 258*j - 14426. Calculate g(56).
22
Let q(o) = 2*o**3 + 221*o**2 + 112*o + 226. Calculate q(-110).
6
Let p(w) = 2*w + 23. Give p(29).
81
Let w(h) = -2*h**2 - 32*h + 49. Determine w(0).
49
Let k(n) = -n**3 - 183*n**2 - 2535*n - 2512. Determine k(-168).
8
Let x(u) = -38*u**2 + 1192*u + 771. What is x(32)?
3
Let y(m) = -3*m**2 + 65*m + 85. What is y(12)?
433
Let f(h) = h**2 + 4*h + 68. Give f(-10).
128
Let o(r) = 15*r + 221. What is o(-15)?
-4
Let m(v) = -401*v - 4394. Determine m(-11).
17
Let b(g) = 213*g + 2364. Give b(-11).
21
Let j(l) = -l**3 + 55*l**2 - 749*l - 37. Calculate j(25).
-12
Let v(j) = j**3 + 66*j**2 + 303*j - 11. What is v(-5)?
-1
Let i(y) = 5*y**2 - 372*y + 503. Calculate i(73).
-8
Let y(h) = 2*h**2 - 9*h - 68. What is y(12)?
112
Let t(g) = -g**2 + 42*g + 701. What is t(59)?
-302
Let u(b) = 300*b**3 - 6*b - 5. What is u(-1)?
-299
Let h(m) = -m**3 - 33*m**2 + 580*m + 1. Determine h(13).
-233
Let n(y) = 2*y**2 - 26*y - 353. What is n(21)?
-17
Let j(k) = -k**3 + 29*k**2 + 206*k + 167. What is j(35)?
27
Let s(d) = 66*d + 4622. Calculate s(-70).
2
Let l(q) = 8*q**2 + 1270*q - 1271. Give l(1).
7
Let y(b) = b**2 - 28*b - 51. Calculate y(26).
-103
Let u(w) = w**2 - 83*w - 2696. Determine u(-24).
-128
Let p(u) = -u**3 + 61*u**2 + 124*u + 121. Calculate p(63).
-5
Let b(u) = -956*u + 289660. Calculate b(303).
-8
Let o(v) = -2*v**3 - 10*v**2 - 14*v - 2. Determine o(-6).
154
Let w(x) = -x**3 - 24*x**2 - 3*x - 177. Determine w(-24).
-105
Let y(o) = -38*o + 6. What is y(0)?
6
Let m(a) = -a**3 - 17*a**2 - 61*a - 10. What is m(-11)?
-65
Let s(w) = 2*w**3 + 244*w**2 - 9. Give s(-122).
-9
Let w(b) = -6*b**2 + 381*b + 112. Determine w(64).
-80
Let u(v) = 83*v + 208. Calculate u(-4).
-124
Let m(r) = 6*r**3 + 2*r**2 - 12*r + 11. Determine m(1).
7
Let u(h) = h**3 - 19*h**2 - 34*h + 288. Give u(19).
-358
Let t(h) = -h**3 - 4*h**2 - 24*h - 5. Determine t(0).
-5
Let z(a) = a**2 + 2820*a - 11267. Calculate z(4).
29
Let j(f) = -f**3 + 5*f**2 + 2*f - 3. Determine j(-2).
21
Let h(s) = 96*s + 129. What is h(-6)?
-447
Let m(x) = -2*x**3 - 16*x**2 - 8*x + 18. What is m(-6)?
-78
Let u(a) = -179*a + 4311. Calculate u(24).
15
Let c(s) = s**2 - 7*s - 21. Give c(-2).
-3
Let x(w) = 2*w**3 + 32*w**2 + 27*w - 8. What is x(-14)?
398
Let l(a) = 3*a**3 - 13*a**2 + 6*a + 14. What is l(6)?
230
Let z(v) = -v**3 + 16*v**2 + 11*v + 5. What is z(16)?
181
Let b(c) = 3*c**2 + 64*c - 80. What is b(0)?
-80
Let v(b) = 8*b**3 + 3*b**2 - 2*b + 3. What is v(-3)?
-180
Let m(a) = -55*a - 1265. Determine m(-23).
0
Let u(s) = 57*s - 220. Calculate u(4).
8
Let k(a) = 3*a**2 + 472*a + 3220. Give k(-7).
63
Let r(g) = -g**3 + 374*g**2 - 6074*g + 92. Give r(17).
7
Let n(u) = 7*u**3 - 43*u**2 + u + 18. Give n(6).
-12
Let v(u) = -2*u**3 + 37*u**2 - 37*u + 2. What is v(1)?
0
Let z(v) = -253*v - 19992. Calculate z(-79).
-5
Let w(h) = h**3 - 136*h**2 + 133*h + 258. Determine w(135).
-12
Let c(z) = -6*z**3 + 85*z**2 - 17*z. Give c(14).
-42
Let l(r) = 12*r + 165. What is l(19)?
393
Let x(v) = v**3 - v**2 - 26*v - 12. Give x(7).
100
Let t(i) = 11*i**2 + 32*i - 91. What is t(2)?
17
Let f(c) = 2*c - 90. Give f(39).
-12
Let g(b) = 79*b**3 - 3*b**2 - 8*b - 3. Calculate g(-1).
-77
Let g(r) = r**3 + 12*r**2 + 6. Calculate g(-12).
6
Let w(a) = -a**2 + 405*a - 11919. Give w(32).
17
Let v(h) = 3*h**3 - h**2 - 3*h + 3. Give v(3).
66
Let y(s) = 116*s**3 + 2*s**2 + 5*s - 6. What is y(1)?
117
Let w(l) = -151*l - 772. What is w(-5)?
-17
Let o(n) = 6*n + 167. Determine o(-30).
-13
Let m(l) = 2*l**3 - 32*l**2 + 12*l + 26. Determine m(15).
-244
Let i(r) = 133*r - 1627. What is i(14)?
235
Let w(p) = 3608*p - 28872. Determine w(8).
-8
Let o(a) = a**3 - 5*a**2 + 233*a - 1429. What is o(6)?
5
Let t(z) = -2*z**3 + 22*z**2 + 362*z - 4. Give t(-9).
-22
Let o(t) = t**3 + 280*t**2 + 274*t - 1398. What is o(-279)?
-3
Let n(r) = -242*r + 3383. Calculate n(14).
-5
Let t(r) = -r**3 + 6*r**2 + 521*r + 31. Calculate t(-20).
11
Let h(x) = 19*x**2 + 672*x - 673. What is h(1)?
18
Let p(b) = -352*b - 347. Determine p(-1).
5
Let q(f) = 12*f**2 + 3*f + 32. What is q(-4)?
212
Let y(p) = 1240*p - 6190. Determine y(5).
10
Let w(n) = -28*n + 228. Give w(-5).
368
Let r(z) = -84*z - 1250. Give r(-15).
10
Let r(j) = -8*j**2 + 14*j + 16. Give r(5).
-114
Let u(i) = i**3 - i**2 - 84*i + 239. What is u(3)?
5
Let p(n) = -55*n - 340. Calculate p(-6).
-10
Let r(k) = k**3 - 7*k**2 - 32*k + 115. Calculate r(8).
-77
Let h(v) = v**2 + 1044*v + 115672. Determine h(-126).
4
Let a(d) = -d**2 + 57*d - 238. What is a(5)?
22
Let w(c) = c**2 - 45*c + 413. Determine w(34).
39
Let s(l) = -l**3 - 10*l**2 + 99*l + 890. Determine s(-8).
-30
Let y(h) = 299*h**3 - 2*h**2 + 3. What is y(1)?
300
Let y(h) = h**3 + 4*h**2 + 24*h + 26. Give y(-4).
-70
Let l(s) = -s**3 - 17*s**2 - 80*s - 12. What is l(-10)?
88
Let a(h) = 285*h + 2283. What is a(-8)?
3
Let q(l) = -l**3 - 5*l**2 - 16*l - 49. Give q(-5).
31
Let m(y) = -18*y**3 + 2268*y**2 + y - 131. Calculate m(126).
-5
Let x(q) = 41*q**2 - 100*q + 13. Give x(3).
82
Let y(b) = -31*b - 322. Calculate y(-9).
-43
Let h(u) = -u**3 - 2*u**2 + 19*u - 6. What is h(-8)?
226
Let y(n) = -33*n + 207. Calculate y(7).
-24
Let m(c) = -230*c + 6891. Determine m(30).
-9
Let p(v) = 32*v + 3. Determine p(-3).
-93
Let b(w) = -w**3 + 2*w**2 - 100*w + 293. Give b(3).
-16
Let l(a) = 4*a**2 + 38*a + 204. Calculate l(-5).
114
Let i(n) = 8*n**2 + n + 8. Give i(-2).
38
Let k(z) = -z**3 + 3*z**2 - 2*z + 17. Determine k(6).
-103
Let x(d) = d**2 - 27*d - 1. Determine x(5).
-111
Let t(k) = 329*k + 4279. Determine t(-13).
2
Let q(c) = -10*c**2 - 16*c - 13. Calculate q(-4).
-109
Let w(t) = 408*t - 2136. Determine w(6).
312
Let c(a) = -a**2 - 24*a - 133. Give c(-7).
-14
Let u(c) = -22211*c + 133281. What is u(6)?
15
Let s(n) = 2*n**3 + 10*n**2 + 6*n + 86. Calculate s(-6).
-22
Let z(m) = -5*m**2 - 366*m - 72. What is z(-73)?
1
Let q(o) = -2*o**2 - 109*o + 910. Calculate q(-62).
-20
Let c(y) = -3*y**3 - 43*y**2 - 8*y + 11. What is c(-14)?
-73
Let m(q) = 114*q - 1258. Calculate m(11).
-4
Let h(q) = -q**2 - 176*q + 2048. Give h(11).
-9
Let n(b) = -b**3 + 3*b**2 - 6*b - 134. Determine n(0).
-134
Let s(n) = 7*n**2 + 26*n - 29. Calculate s(-4).
-21
Let c(u) = 3*u**3 - 33*u**2 - 36*u - 6. Determine c(12).
-6
Let o(g) = -64*g - 8. Determine o(-1).
56
Let d(p) = -11*p**3 + 114*p**2 + 81*p - 42. Determine d(11).
2
Let p(h) = h**3 + 16*h**2 + 3*h + 82. Calculate p(-16).
34
Let w(i) = -108*i**2 - 976*i - 36. What is w(-9)?
0
Let y(v) = -v**3 + 5*v**2 + 42*v - 88. What is y(8)?
56
Let h(d) = 6*d**3 - 537*d**2 - 816*d - 263. Calculate h(91).
10
Let u(i) = i**3 + 8*i**2 + 2*i + 30. Give u(0).
30
Let z(u) = 174*u - 3. What is z(1)?
171
Let y(p) = -19*p**2 - 56*p + 3. Determine y(-4).
-77
Let k(b) = -103*b - 4019. Give k(-39).
-2
Let h(b) = -3*b**3 - 10*b**2 - 20*b - 2. What is h(0)?
-2
Let y(d) = 2576*d + 25771. Calculate y(-10).
11
Let s(q) = -q**2 - 683*q - 15185. What is s(-23)?
-5
Let f(y) = y**2 - 1794*y - 12601. Determine f(-7).
6
Let k(o) = o**2 - 36. What is k(-7)?
13
Let k(f) = 232*f + 754. Determine k(-3).
58
Let s(i) = -2233*i + 17866. Calculate s(8).
2
